y - 40. What is q(-9)?
5
Let i(c) = 3*c**2 - 10*c + 3. Give i(3).
0
Let r(y) = -3*y + 22. Give r(9).
-5
Let b(u) = -u**3 - 5*u**2 - 8*u - 14. Give b(-4).
2
Let y(t) = t**3 + 4*t**2 + 4*t + 4. Determine y(-4).
-12
Let u(t) = t**3 + 7*t**2 - 6. Calculate u(-7).
-6
Let a(d) = -16*d + 91. Calculate a(6).
-5
Let q(o) = 26*o - 106. Give q(4).
-2
Let w(s) = -7*s**2 + 3*s + 3. Determine w(-1).
-7
Let y(a) = a**2 - 5*a + 10. Calculate y(8).
34
Let k(a) = a**3 + 12*a**2 - 43*a + 32. Give k(-15).
2
Let d(b) = -b**3 - b**2 - 4*b + 1. Give d(-4).
65
Let g(s) = 3*s - 6. What is g(-4)?
-18
Let y(f) = -35*f**2 + 3*f + 3. Determine y(-1).
-35
Let v(s) = 20*s + 66. Give v(-6).
-54
Let t(h) = h**3 + 6*h**2 - h + 8. Determine t(-7).
-34
Let i(n) = -n**3 - 15*n**2 - 2*n - 20. Calculate i(-15).
10
Let v(n) = -n**2 + n + 19. Calculate v(3).
13
Let v(r) = r**2 + 40*r - 2. What is v(-40)?
-2
Let w(t) = -31*t - 146. What is w(-4)?
-22
Let s(h) = h**2 + 8*h + 1. Calculate s(-6).
-11
Let x(j) = j**2 + 10*j - 12. What is x(1)?
-1
Let s(d) = 16*d**2 + 2*d + 10. Calculate s(-3).
148
Let m(p) = p**3 - 23*p**2 + 39*p + 66. Calculate m(21).
3
Let p(a) = -a**3 - 12*a**2 - 13*a - 20. What is p(-11)?
2
Let m(p) = -p**2 - 10*p - 10. Calculate m(-8).
6
Let l(d) = -4*d**2 + 9*d - 2. Calculate l(3).
-11
Let a(r) = 3*r**2 + 4*r + 2. Determine a(-2).
6
Let v(c) = 17*c + 45. Calculate v(-7).
-74
Let c(m) = -2*m - 73. Give c(-38).
3
Let d(v) = v**3 - 29*v**2 + 78*v + 8. Give d(26).
8
Let i(d) = d - 2. What is i(7)?
5
Let d(p) = 2*p - 2. Calculate d(-8).
-18
Let b(n) = 6*n + 9. What is b(-2)?
-3
Let p(o) = -o**3 - 25*o**2 + 25*o - 45. Calculate p(-26).
-19
Let t(h) = -7*h - 85. Determine t(-12).
-1
Let f(z) = -z - 7. What is f(6)?
-13
Let c(q) = q**2 - 7*q - 5. Determine c(-4).
39
Let n(a) = a**2 + 13*a + 14. What is n(-8)?
-26
Let l(a) = 2*a**2 + 8*a + 2. Determine l(-4).
2
Let x(t) = -44*t - 388. Determine x(-9).
8
Let v(x) = -5*x + 4. What is v(6)?
-26
Let f(m) = -m**2 + 3*m + 9. Determine f(6).
-9
Let p(k) = 5*k**2 - 6*k - 6. What is p(-3)?
57
Let l(o) = 24*o - 3. Calculate l(2).
45
Let l(k) = -k**2 - 45*k - 1. What is l(-45)?
-1
Let g(u) = -99*u - 416. Give g(-4).
-20
Let y(c) = -c**3 + 16*c**2 - 12*c - 32. Give y(15).
13
Let d(h) = 13*h - 30. Calculate d(3).
9
Let p(f) = f**2 + 11*f + 13. Calculate p(-10).
3
Let k(j) = -j + 15. Determine k(9).
6
Let b(d) = 13*d**3 + 2*d**2 - d - 2. Determine b(-1).
-12
Let d(u) = -6*u - 45. What is d(-7)?
-3
Let l(q) = -q**3 + 16*q**2 - 2*q + 31. Calculate l(16).
-1
Let o(y) = y**2 - 2*y + 7. Give o(2).
7
Let p(y) = 68*y - 743. Give p(11).
5
Let m(y) = -7*y**2 - 5*y - 4. Determine m(-1).
-6
Let j(g) = g + 5. What is j(-11)?
-6
Let p(t) = 3*t**2 - 12*t. What is p(5)?
15
Let c(x) = x**3 - 4*x**2 + 6*x - 5. Give c(2).
-1
Let j(o) = o**3 - 12*o**2 - 10*o - 7. Determine j(13).
32
Let n(m) = m**3 - 6*m**2 + 4*m - 1. Determine n(5).
-6
Let s(b) = 2*b**2 + b - 3. Give s(-2).
3
Let o(j) = j**3 - 4*j**2 - 5*j - 3. Calculate o(5).
-3
Let c(u) = -u**2 + 29*u - 77. Calculate c(26).
1
Let j(n) = 18*n**2 - 8*n + 18. Calculate j(2).
74
Let p(s) = -16*s**2 + 1. What is p(1)?
-15
Let b(z) = -21*z**3 + 2*z - 1. What is b(1)?
-20
Let a(p) = 36*p + 2. Give a(-1).
-34
Let x(y) = y**2 + 8*y - 16. Give x(-9).
-7
Let w(c) = -4*c**2 + 13*c - 10. Determine w(7).
-115
Let d(s) = s**2 + 13*s - 6. Determine d(-12).
-18
Let k(z) = -z**3 + 40*z**2 - 2*z + 83. Calculate k(40).
3
Let l(i) = -i**3 - 11*i**2 - 5*i - 11. Determine l(-10).
-61
Let b(w) = -w**3 - 2*w**2 + w + 10. Give b(0).
10
Let u(v) = 3*v**2 + 61*v + 7. Determine u(-20).
-13
Let w(y) = -8*y - 62. Determine w(-8).
2
Let g(d) = -2*d - 16. Determine g(-7).
-2
Let c(i) = i**3 + 11*i**2 + 11*i + 4. Determine c(-10).
-6
Let y(s) = 2*s + 10. Calculate y(0).
10
Let k(i) = -3*i + 14. Give k(-4).
26
Let q(m) = -5*m - 17. What is q(-5)?
8
Let m(l) = -8*l + 92. Give m(14).
-20
Let o(x) = -3*x + 6. What is o(11)?
-27
Let i(d) = -14*d**2 + 2*d - 2. Give i(1).
-14
Let g(f) = -3*f + 25. Determine g(11).
-8
Let r(i) = -i**2 - 13*i - 14. What is r(-7)?
28
Let f(t) = -t**3 + 4*t**2 - 2*t + 1. Calculate f(3).
4
Let r(m) = 2*m**3 + 10*m**2 + 10*m + 6. Calculate r(-3).
12
Let d(w) = w - 3. What is d(12)?
9
Let p(a) = -4*a**3 - 18*a**2 + 2*a - 3. What is p(-5)?
37
Let m(n) = n**3 - 5*n**2 - 2*n + 4. Determine m(5).
-6
Let t(o) = o**2 - 8*o + 5. Calculate t(7).
-2
Let c(t) = -t - 4. Calculate c(-8).
4
Let f(q) = -13*q - 89. Give f(-7).
2
Let g(o) = o - 3. Give g(-7).
-10
Let y(g) = 97*g + 188. Give y(-2).
-6
Let y(d) = -d**3 + 10*d**2 + d + 1. Determine y(10).
11
Let x(z) = z**3 + 6*z**2 - 18*z - 6. What is x(-8)?
10
Let j(g) = g**2 + 2*g + 3. Determine j(-1).
2
Let l(y) = -6*y. Calculate l(-2).
12
Let i(w) = -2*w**3 - 3*w**2. Give i(3).
-81
Let l(i) = i**2 + 26*i + 142. Determine l(-7).
9
Let f(g) = 6*g**2 - 13*g - 13. Calculate f(-1).
6
Let n(w) = 4*w + 17. Give n(-10).
-23
Let f(c) = -16*c - 8. Calculate f(-1).
8
Let d(z) = z**2 + 3*z - 3. Determine d(-5).
7
Let k(m) = -3*m**2 - 5*m - 14. Calculate k(-7).
-126
Let c(z) = z**3 - 6*z**2 + 2*z - 14. Give c(6).
-2
Let f(z) = -5*z - 137. Determine f(-21).
-32
Let p(x) = x**3 - 7*x**2 - 10*x - 64. Calculate p(9).
8
Let x(a) = -a**3 + a**2 + 2*a - 4. Determine x(0).
-4
Let p(x) = -11*x + 13. Calculate p(3).
-20
Let i(u) = -u**2 - 10*u - 21. Determine i(-7).
0
Let m(d) = 9*d**2 + 2*d + 3. Calculate m(-2).
35
Let y(o) = o**3 - 12*o**2 + 22*o - 14. What is y(10)?
6
Let p(m) = -m**2 + 6*m - 3. What is p(7)?
-10
Let f(r) = -r**3 - r**2 + 3*r - 3. Give f(2).
-9
Let d(l) = l - 13. Give d(5).
-8
Let f(v) = v**3 - 14*v**2 + 6*v - 301. Determine f(15).
14
Let d(z) = 4*z**3 - z**2 - z + 1. Calculate d(1).
3
Let c(p) = 6*p**3 + 2*p**2 - 3*p. Give c(2).
50
Let u(x) = x**3 - 9*x**2 + 6*x + 2. Determine u(6).
-70
Let j(n) = -n**2 - 18*n - 13. Give j(-7).
64
Let i(s) = -2*s**2 + 3*s - 3. Calculate i(-3).
-30
Let i(z) = z + 1. Determine i(7).
8
Let c(q) = q**3 - 4*q**2 - q - 2. Determine c(3).
-14
Let n(x) = x**3 + 7*x**2 + 2*x - 14. Determine n(-6).
10
Let r(x) = -4*x + 31. What is r(6)?
7
Let m(b) = 28*b - 41. Determine m(2).
15
Let a(q) = q**3 + 4*q**2 - 11*q - 6. Give a(-4).
38
Let s(q) = -q**3 - 2*q**2 + 3*q + 1. Give s(-2).
-5
Let d(b) = -9*b + 7. Determine d(4).
-29
Let y(j) = j**2 + j + 36. Determine y(0).
36
Let x(u) = -11*u + 15. Give x(6).
-51
Let a(j) = -2*j - 1. What is a(-8)?
15
Let v(m) = -m**2 - 11*m - 29. Calculate v(-8).
-5
Let k(d) = d**3 + 2*d**2 + 4*d + 10. Calculate k(-3).
-11
Let m(f) = 10*f**2 + 4. Calculate m(-2).
44
Let j(h) = -2*h + 14. Calculate j(-10).
34
Let y(n) = -n**3 + 2*n**2 - n - 2. What is y(2)?
-4
Let w(s) = s**3 + 14*s**2 + 18*s + 64. Determine w(-13).
-1
Let g(y) = -y**3 - 2*y**2 + 4*y - 5. What is g(-3)?
-8
Let n(w) = w**2 - 19*w + 2. Determine n(19).
2
Let w(t) = -5*t**3 - 2*t**2 + 1. Determine w(-1).
4
Let x(a) = 2*a**2 - 5*a - 63. Calculate x(8).
25
Let z(l) = -l**3 + 3*l**2 - 2*l + 6. Give z(3).
0
Let c(t) = 7*t + 56. Give c(-9).
-7
Let n(l) = -l**2 - 10*l + 8. Calculate n(-9).
17
Let n(p) = p + 1. Calculate n(-10).
-9
Let t(f) = 2*f - 9. Calculate t(12).
15
Let t(k) = -3*k - 72. Determine t(-22).
-6
Let c(a) = a + 38. Determine c(-20).
18
Let h(d) = 2*d**3 - 51*d**2 - 25*d - 29. Determine h(26).
-3
Let v(i) = -i**3 + 2*i**2 + 2*i + 10. Determine v(3).
7
Let g(a) = a**3 - a**2 - a - 11. Give g(0).
-11
Let v(i) = -i**3 - 6*i**2 - 2*i + 14. What is v(-4)?
-10
Let p(m) = -16*m**2 + 14*m - 14. Calculate p(1).
-16
Let x(g) = -93*g**3 - 3*g**2 + g. Determine x(1).
-95
Let b(c) = -51*c - 105. Give b(-2).
-3
Let g(w) = w**2 - w - 10. Determine g(0).
-10
Let u(s) = -s**2 + 11*s. Calculate u(10).
10
Let q(w) = -w**3 + 20*w**2 - 34*w + 11. Give q(18).
47
Let s(h) = -h**2 + h + 20. What is s(-6)?
-22
Let t(p) = -p**3 + 14*p**2 - 3*p + 20. Determine t(14).
-22
Let s(d) = -d**2 + 5*d - 3. Calculate s(1).
1
Let f(g) = g**3 - 14*g**2 - 15*g + 24. Give f(15).
24
Let d(w) = 7*w - 25. Calculate d(11).
52
Let s(k) = k**3 + k**2 - 2*k + 4. Calculate s(0).
4
Let v(l) = 5*l + 4. Give v(-2).
-6
Let q(p) = 9*p - 32. Determine q(8).
40
Let k(p) = p**3 - 4*p**2 + 2*p + 1. Calculate k(5).
36
Let g(s) = s**2 + 28*s - 122. Give g(-32).
6
Let v(y) = -3*y + 83. Calculate v(0).
83
Let n(j) = -j*